{"id":737,"date":"2018-11-23T13:20:28","date_gmt":"2018-11-23T12:20:28","guid":{"rendered":"http:\/\/www.brzezialaka.archidiecezja.wroc.pl\/parafia\/?page_id=737"},"modified":"2018-11-23T13:20:41","modified_gmt":"2018-11-23T12:20:41","slug":"malzenstwo","status":"publish","type":"page","link":"http:\/\/www.brzezialaka.archidiecezja.wroc.pl\/parafia\/?page_id=737","title":{"rendered":"Ma\u0142\u017ce\u0144stwo"},"content":{"rendered":"<p>Dokumenty wymagane przy zg\u0142aszaniu zwi\u0105zku konkordatowego:<\/p>\n<ul>\n<li>trzy formularze z USC<\/li>\n<li>metryki Chrztu \u015bw.<\/li>\n<li>ostatnie \u015bwiadectwo z nauki religii<\/li>\n<li>dowody osobiste<\/li>\n<\/ul>\n<p>Aby przyst\u0105pi\u0107 do Sakramentu ma\u0142\u017ce\u0144stwa nale\u017cy uczestniczy\u0107 w naukach przedma\u0142\u017ce\u0144skich \u2013 szczeg\u00f3\u0142y w kancelarii parafialnej.<\/p>\n","protected":false},"excerpt":{"rendered":"<p>Dokumenty wymagane przy zg\u0142aszaniu zwi\u0105zku konkordatowego: trzy formularze z USC metryki Chrztu \u015bw. ostatnie \u015bwiadectwo z nauki religii dowody osobiste Aby przyst\u0105pi\u0107 do Sakramentu ma\u0142\u017ce\u0144stwa nale\u017cy uczestniczy\u0107 w naukach przedma\u0142\u017ce\u0144skich \u2013 szczeg\u00f3\u0142y w kancelarii&#46;&#46;&#46;<\/p>\n","protected":false},"author":6,"featured_media":0,"parent":0,"menu_order":0,"comment_status":"closed","ping_status":"closed","template":"","meta":[],"_links":{"self":[{"href":"http:\/\/www.brzezialaka.archidiecezja.wroc.pl\/parafia\/index.php?rest_route=\/wp\/v2\/pages\/737"}],"collection":[{"href":"http:\/\/www.brzezialaka.archidiecezja.wroc.pl\/parafia\/index.php?rest_route=\/wp\/v2\/pages"}],"about":[{"href":"http:\/\/www.brzezialaka.archidiecezja.wroc.pl\/parafia\/index.php?rest_route=\/wp\/v2\/types\/page"}],"author":[{"embeddable":true,"href":"http:\/\/www.brzezialaka.archidiecezja.wroc.pl\/parafia\/index.php?rest_route=\/wp\/v2\/users\/6"}],"replies":[{"embeddable":true,"href":"http:\/\/www.brzezialaka.archidiecezja.wroc.pl\/parafia\/index.php?rest_route=%2Fwp%2Fv2%2Fcomments&post=737"}],"version-history":[{"count":2,"href":"http:\/\/www.brzezialaka.archidiecezja.wroc.pl\/parafia\/index.php?rest_route=\/wp\/v2\/pages\/737\/revisions"}],"predecessor-version":[{"id":739,"href":"http:\/\/www.brzezialaka.archidiecezja.wroc.pl\/parafia\/index.php?rest_route=\/wp\/v2\/pages\/737\/revisions\/739"}],"wp:attachment":[{"href":"http:\/\/www.brzezialaka.archidiecezja.wroc.pl\/parafia\/index.php?rest_route=%2Fwp%2Fv2%2Fmedia&parent=737"}],"curies":[{"name":"wp","href":"https:\/\/api.w.org\/{rel}","templated":true}]}}

Małżeństwo

<p>Dokumenty wymagane przy zgłaszaniu związku konkordatowego:</p>
<ul>
<li>trzy formularze z USC</li>
<li>metryki Chrztu św.</li>
<li>ostatnie świadectwo z nauki religii</li>
<li>dowody osobiste</li>
</ul>
<p>Aby przystąpić do Sakramentu małżeństwa należy uczestniczyć w naukach przedmałżeńskich – szczegóły w kancelarii parafialnej.</p>

<p>Dokumenty wymagane przy zgłaszaniu związku konkordatowego: trzy formularze z USC metryki Chrztu św. ostatnie świadectwo z nauki religii dowody osobiste Aby przystąpić do Sakramentu małżeństwa należy uczestniczyć w naukach przedmałżeńskich – szczegóły w kancelarii&#46;&#46;&#46;</p>
