{"id":42,"date":"2018-01-17T16:06:37","date_gmt":"2018-01-17T15:06:37","guid":{"rendered":"http:\/\/brzezialaka.archidiecezja.wroc.pl\/WordPress\/?page_id=42"},"modified":"2022-03-21T09:38:00","modified_gmt":"2022-03-21T08:38:00","slug":"szafarze-nadzwyczajni","status":"publish","type":"page","link":"http:\/\/www.brzezialaka.archidiecezja.wroc.pl\/parafia\/?page_id=42","title":{"rendered":"Szafarze nadzwyczajni"},"content":{"rendered":"<div class=\"subPage\">\n<ul>\n<li>Pan Pawe\u0142 Masternak, ust. 2010<\/li>\n<li>Pan Jacek Mat\u0142osz, ust. 2013<\/li>\n<li>Pan Marek Ple\u015bniak, ust. 2013<\/li>\n<li>Pan Marcin Cholewa, ust. 2022<\/li>\n<\/ul>\n<\/div>\n","protected":false},"excerpt":{"rendered":"<p>Pan Pawe\u0142 Masternak, ust. 2010 Pan Jacek Mat\u0142osz, ust. 2013 Pan Marek Ple\u015bniak, ust. 2013 Pan Marcin Cholewa, ust. 2022<\/p>\n","protected":false},"author":6,"featured_media":0,"parent":0,"menu_order":0,"comment_status":"closed","ping_status":"closed","template":"","meta":[],"_links":{"self":[{"href":"http:\/\/www.brzezialaka.archidiecezja.wroc.pl\/parafia\/index.php?rest_route=\/wp\/v2\/pages\/42"}],"collection":[{"href":"http:\/\/www.brzezialaka.archidiecezja.wroc.pl\/parafia\/index.php?rest_route=\/wp\/v2\/pages"}],"about":[{"href":"http:\/\/www.brzezialaka.archidiecezja.wroc.pl\/parafia\/index.php?rest_route=\/wp\/v2\/types\/page"}],"author":[{"embeddable":true,"href":"http:\/\/www.brzezialaka.archidiecezja.wroc.pl\/parafia\/index.php?rest_route=\/wp\/v2\/users\/6"}],"replies":[{"embeddable":true,"href":"http:\/\/www.brzezialaka.archidiecezja.wroc.pl\/parafia\/index.php?rest_route=%2Fwp%2Fv2%2Fcomments&post=42"}],"version-history":[{"count":3,"href":"http:\/\/www.brzezialaka.archidiecezja.wroc.pl\/parafia\/index.php?rest_route=\/wp\/v2\/pages\/42\/revisions"}],"predecessor-version":[{"id":2171,"href":"http:\/\/www.brzezialaka.archidiecezja.wroc.pl\/parafia\/index.php?rest_route=\/wp\/v2\/pages\/42\/revisions\/2171"}],"wp:attachment":[{"href":"http:\/\/www.brzezialaka.archidiecezja.wroc.pl\/parafia\/index.php?rest_route=%2Fwp%2Fv2%2Fmedia&parent=42"}],"curies":[{"name":"wp","href":"https:\/\/api.w.org\/{rel}","templated":true}]}}

<div class="subPage">
<ul>
<li>Pan Paweł Masternak, ust. 2010</li>
<li>Pan Jacek Matłosz, ust. 2013</li>
<li>Pan Marek Pleśniak, ust. 2013</li>
<li>Pan Marcin Cholewa, ust. 2022</li>
</ul>
</div>

<p>Pan Paweł Masternak, ust. 2010 Pan Jacek Matłosz, ust. 2013 Pan Marek Pleśniak, ust. 2013 Pan Marcin Cholewa, ust. 2022</p>
