{"id":41,"date":"2018-01-17T16:06:37","date_gmt":"2018-01-17T15:06:37","guid":{"rendered":"http:\/\/brzezialaka.archidiecezja.wroc.pl\/WordPress\/?page_id=41"},"modified":"2023-09-04T08:53:06","modified_gmt":"2023-09-04T06:53:06","slug":"duszpasterze","status":"publish","type":"page","link":"http:\/\/www.brzezialaka.archidiecezja.wroc.pl\/parafia\/?page_id=41","title":{"rendered":"Duszpasterze"},"content":{"rendered":"<p>1. Proboszcz : ks. Tomasz P\u0142ukarski, \u015bwi\u0119cenia kap\u0142a\u0144skie 27.05.2000 r., ustanowiony w parafii 1.07.2018 r.<\/p>\n<p>2. Wikary :\u00a0 ks.\u00a0Rados\u0142aw Bariasz<\/p>\n<p>&nbsp;<\/p>\n<p>&nbsp;<\/p>\n","protected":false},"excerpt":{"rendered":"<p>1. Proboszcz : ks. Tomasz P\u0142ukarski, \u015bwi\u0119cenia kap\u0142a\u0144skie 27.05.2000 r., ustanowiony w parafii 1.07.2018 r. 2. Wikary :\u00a0 ks.\u00a0Rados\u0142aw Bariasz &nbsp; &nbsp;<\/p>\n","protected":false},"author":6,"featured_media":0,"parent":40,"menu_order":0,"comment_status":"closed","ping_status":"closed","template":"","meta":[],"_links":{"self":[{"href":"http:\/\/www.brzezialaka.archidiecezja.wroc.pl\/parafia\/index.php?rest_route=\/wp\/v2\/pages\/41"}],"collection":[{"href":"http:\/\/www.brzezialaka.archidiecezja.wroc.pl\/parafia\/index.php?rest_route=\/wp\/v2\/pages"}],"about":[{"href":"http:\/\/www.brzezialaka.archidiecezja.wroc.pl\/parafia\/index.php?rest_route=\/wp\/v2\/types\/page"}],"author":[{"embeddable":true,"href":"http:\/\/www.brzezialaka.archidiecezja.wroc.pl\/parafia\/index.php?rest_route=\/wp\/v2\/users\/6"}],"replies":[{"embeddable":true,"href":"http:\/\/www.brzezialaka.archidiecezja.wroc.pl\/parafia\/index.php?rest_route=%2Fwp%2Fv2%2Fcomments&post=41"}],"version-history":[{"count":8,"href":"http:\/\/www.brzezialaka.archidiecezja.wroc.pl\/parafia\/index.php?rest_route=\/wp\/v2\/pages\/41\/revisions"}],"predecessor-version":[{"id":2518,"href":"http:\/\/www.brzezialaka.archidiecezja.wroc.pl\/parafia\/index.php?rest_route=\/wp\/v2\/pages\/41\/revisions\/2518"}],"up":[{"embeddable":true,"href":"http:\/\/www.brzezialaka.archidiecezja.wroc.pl\/parafia\/index.php?rest_route=\/wp\/v2\/pages\/40"}],"wp:attachment":[{"href":"http:\/\/www.brzezialaka.archidiecezja.wroc.pl\/parafia\/index.php?rest_route=%2Fwp%2Fv2%2Fmedia&parent=41"}],"curies":[{"name":"wp","href":"https:\/\/api.w.org\/{rel}","templated":true}]}}